. Let d = f - 58. What is the units digit of d?
3
Let a = 18237 - 780. What is the hundreds digit of a?
4
Let u be 200/(-450)*18/(-2). What is the hundreds digit of (35 - 61)/(u/(-110))?
7
Let h(z) = 12*z**2 + 33*z + 216. What is the tens digit of h(26)?
8
Suppose -9*s - 6 = -6*s, 5*t - 5*s = 39925. What is the hundreds digit of t?
9
Suppose 0 = -5*d + 91 - 11. Suppose 0 = 4*h - d - 4. Suppose -h*z + n = -406, 4*n = -4*z + 145 + 199. What is the tens digit of z?
8
Suppose 22 = -14*m - 20. What is the tens digit of (30/8 + m)/((-14)/(-18144))?
7
Suppose h + 13558 = 4*q - 34234, 0 = 3*q + 2*h - 35833. What is the units digit of q?
7
Let j be (7*-6)/((-5)/5). Suppose 4*x + 14 = -j. What is the tens digit of x/(-7) - 30*-3?
9
Let j = -100127 + 172267. What is the units digit of j?
0
Let r be 151/(1/(-63)*-7). Suppose 4*z = r + 2101. What is the tens digit of z?
6
Let s = -3947 + 4144. What is the tens digit of s?
9
Let b(c) = 21*c**3 + 4*c**2 + 3*c - 11. Let v be (105/(-7) - -5)*(-4)/10. What is the units digit of b(v)?
9
Suppose -28 = 10*o - 17*o. Suppose o*f - 2*f = 10. Suppose -78 = -f*n + 4*n. What is the tens digit of n?
7
Let r = -131 - -139. Suppose x - 7 = -c, 0 = -r*c + 5*c. What is the units digit of x?
7
Let i(v) = 276*v**2 + 83*v - 384. What is the hundreds digit of i(16)?
6
Let i = -555 - -1105. Let z = i + -202. What is the tens digit of z?
4
What is the thousands digit of ((-502)/(-1255))/((-4)/(-10610))?
1
Suppose -3*k - 4*n + 1656 = 0, 0*k + 2*k + n - 1099 = 0. Suppose h - k + 98 = 0. Suppose h = -3*s + 8*s. What is the units digit of s?
0
Suppose 20916 - 3480 = 4*n + 8*n. What is the tens digit of n?
5
Suppose 39*p = 125249 - 6182. What is the units digit of p?
3
Let s = -17 - -95. Let y = s + -62. What is the units digit of (40/y)/((-1)/(-4))?
0
Let u(q) = -3 + 2210*q**2 - 2212*q**2 + 107*q**3 + 4. Let v be ((-1 + 3)/(-2))/(-1). What is the hundreds digit of u(v)?
1
Let t(w) = 62*w**2 - 13*w - 15. What is the tens digit of t(-10)?
1
Let b(l) = -53*l + 730. What is the hundreds digit of b(-19)?
7
Suppose -4*d + 3*d = h - 2503, 2*d - 5041 = 5*h. Suppose -2*j = 4*j - d. Suppose 6*o - j - 104 = 0. What is the tens digit of o?
8
Let b = 296 - 452. Let z = -153 - b. What is the units digit of z?
3
Let n(h) = 404*h**2 - 153*h + 7. What is the tens digit of n(3)?
8
Let k = 225 - 938. Let a(j) = 8*j**2 - 115*j - 86. Let u be a(10). Let r = u - k. What is the hundreds digit of r?
2
Suppose -194775*c - 458224 = -194788*c. What is the tens digit of c?
4
Suppose 4*f - 43798 = -p, 0 = 5*p - 498*f + 496*f - 219188. What is the tens digit of p?
3
Let c(u) = -u**3 + 5*u**2 - u - 10. Let s be c(4). Let k be 11/s*(16 + 0). Suppose 13*d - k = 11*d. What is the tens digit of d?
4
Suppose 0 = -1231*s + 1226*s + 230. Suppose -s*j + 2496 = -40*j. What is the units digit of j?
6
Let q = -8007 + 10056. What is the tens digit of q?
4
Let y = -129 - 260. Let o = 558 + y. What is the tens digit of o?
6
Let h be (309/(-9))/((-2)/(-6)). Let f = 212 + h. Let c = f + -60. What is the units digit of c?
9
Let h be (-2)/(4/3) + 280/80. What is the tens digit of (-59 + h + 2)*(-94)/5?
3
Let x(a) = 69*a**2 - 130*a + 356. What is the thousands digit of x(-19)?
7
Let i = -2531 + 15417. What is the tens digit of i?
8
Let y(p) = -616*p + 6. Suppose 15 = 5*k, -5*q - 2 = 6*k - 5*k. What is the hundreds digit of y(q)?
6
What is the units digit of ((-241709)/65)/(5*(-3)/75)?
3
Let b be 10/(-55) - 35/(-11). Let r be (b/6*1)/((-4)/(-3344)). Suppose r = 4*g + 2*o - o, -8 = 4*o. What is the hundreds digit of g?
1
Let v = 64 + 25. Suppose -2*u + 0*s = -5*s - 108, 4*u + s - 260 = 0. Suppose -63*m = -u*m + v. What is the tens digit of m?
8
Let f(j) = 2*j + 11. Let b be f(-2). Let c = b - 3. Suppose 84 = c*n + 5*i - 0*i, -2*n + 42 = -4*i. What is the units digit of n?
1
Let i(s) = -9*s - 85. Let x be i(-9). What is the units digit of (25/(-20) + (-1)/x)/(-1)?
1
Let d be (-45)/(-75) - 2/(-5)*5596. Suppose -4*s + 2*s + 5*y = -d, 0 = -s + 3*y + 1121. What is the units digit of s?
2
Suppose -98 - 171 = -5*y - r, -5*r = 5. Let q be (7/((-42)/4))/((-12)/y). Suppose -91 + q = -x. What is the tens digit of x?
8
Suppose 2*h - 5682 = 5*f, 2*f = -20*h + 15*h + 14147. What is the thousands digit of h?
2
Suppose -b + 49*y + 20 = 44*y, -b - y + 2 = 0. Suppose r - 875 = -18*l + 22*l, b*l = -5. What is the tens digit of r?
7
Let k = 283 + -185. Suppose b + 3 + 0 = -s, -4*s = -b + 12. Suppose b*l - 147 = -3*l - d, 5*d = 2*l - k. What is the tens digit of l?
4
Suppose 542 = 2*g - 2*o - 2*o, 0 = 5*g - 5*o - 1340. What is the units digit of g?
5
Suppose 7*u = -666 + 617. Let v(y) = -3*y**3 - 2*y**2 + 16*y + 8. What is the units digit of v(u)?
7
Let f(l) = 9*l**2 + 3*l - 141. What is the hundreds digit of f(14)?
6
Let h = 14819 + -3233. What is the hundreds digit of h?
5
Let i be -2*((-66)/11 - (-1)/(-2)). Let b(f) = -f**3 - 15*f**2 + 27*f + 23. Let y(w) = -w**3 + w - 1. Let s(d) = b(d) - 2*y(d). What is the tens digit of s(i)?
1
Suppose 0 = 4*q - 4*m - 52532, -4*m = 6*q - 30301 - 48417. What is the ten thousands digit of q?
1
Let h = 15 + -1. Suppose -h*a + 8 = -18*a. Let r(d) = -7*d - 2. What is the units digit of r(a)?
2
Let j(a) = 629*a**2 + a + 1. Let s be j(-2). What is the tens digit of (-3)/4 - s/(-20)?
2
Suppose -10271 = -i - q, -1968*i - 51376 = -1973*i + 2*q. What is the tens digit of i?
7
What is the ten thousands digit of (1694/363)/(2/20487)?
4
What is the thousands digit of (-2 - -8 - (-3525)/6*16)/2?
4
Suppose 0 = z - 15*z - 112. What is the tens digit of (z/4 + 5)/(1/78)?
3
Let m = -232 - -238. Suppose -2165 = m*t - 11*t. What is the tens digit of t?
3
Suppose g - 10 = -5*h, 58 = g - 5*h + 8. Suppose 3582 = 14*s - g. What is the units digit of s?
8
Let d be (0/(-1 - -2))/(-2 - -3). Let y be 4 - (-1 + d)*(-2 + -1). What is the tens digit of y - (-9)/((-9)/(-130))?
3
Suppose 0 = 12*s - 17*s - 3*y + 84454, -2*s + 4*y = -33818. What is the thousands digit of s?
6
Let r(o) be the second derivative of 107*o**3/6 - 13*o**2/2 - 44*o. What is the tens digit of r(8)?
4
Suppose -3*o = -6*h + 9*h - 18, 16 = 4*h. Suppose -431 = -m - 4*y, 0 = 4*m - o*y + 6*y - 1760. What is the tens digit of m?
4
Suppose 5*j + 3*g - 300464 = 0, 5*j = 5*g + 41247 + 259273. What is the tens digit of j?
9
Let x(v) = -v**2 - 8*v + 41. Suppose 5*a + 25 = 0, 2*a = 3*b - 0*a - 46. Let q be x(b). Let m = -103 - q. What is the units digit of m?
6
Let l(d) = -12*d - 35. Let n be l(-4). Let s(h) = 2*h**3 - 20*h**2 + 45*h + 2. What is the thousands digit of s(n)?
1
Let s be -18*(3 - (-2)/(-1)). Let w be (18/(-15))/(s/240). Suppose w*b - 19*b = -159. What is the tens digit of b?
5
Let w(x) = 724*x - 998. What is the ten thousands digit of w(26)?
1
Suppose -419 = -6*q - 2483. Let d = 1904 + -1310. Let c = q + d. What is the tens digit of c?
5
Let o(x) = -x**2 + 12*x + 4. Let d be o(12). Let g be 1*-2 + -2 + d. Suppose 325 = -g*c + 5*c. What is the tens digit of c?
6
Let o(g) = -g**2 - 3*g + 8. Let p be o(-5). Let v be (p + -2)*2/(-4). Suppose 58 = v*a - 2*h - 86, -4*a = -h - 294. What is the tens digit of a?
7
Let p = 10584 + -5497. What is the hundreds digit of p?
0
Suppose -5*q + 9*r - 14*r = -76205, -r - 60934 = -4*q. What is the ten thousands digit of q?
1
Let n(j) = 10 - 30*j + 31 - 12 + 25. Let d be n(6). Let q = -77 - d. What is the tens digit of q?
4
Let y(w) = -431*w**3 + 5*w**2 - 32*w - 94. What is the ten thousands digit of y(-3)?
1
What is the hundreds digit of (4 - 2 - (-182)/(-70))*-114415?
6
What is the thousands digit of (2/6)/((-33)/297) + 2100?
2
Suppose -5838 - 15882 = -12*f. What is the thousands digit of (34 + -33)*(1 + f)?
1
Let t(l) = -l**3 - 10*l**2 + l + 12. Let b be t(-10). Suppose b*j - 718 = -0*w - 2*w, -2*j + 3*w + 728 = 0. What is the hundreds digit of j?
3
Let v = 66 - 64. Suppose c - 15 = a, -v + 59 = 4*c - 5*a. What is the units digit of 2/6 + 1182/c?
6
Let z be (-25 - -25)*(-1)/(-2). Suppose 22*p + 14*p - 20340 = z. What is the units digit of p?
5
Let u be 1*(5 - 2 - (-1 - -4)). Let o be (-2)/(-2) + 4 + u. Suppose o*m = 2*m + 285. What is the tens digit of m?
9
Let c = -38 - -37. Let x(r) = 71*r. Let i(f) = 72*f + 1. Let w(z) = 2*i(z) - 3*x(z). What is the tens digit of w(c)?
7
Suppose -78*h